{"id":291,"date":"2017-10-04T20:03:08","date_gmt":"2017-10-04T23:03:08","guid":{"rendered":"http:\/\/deolhonosruralistas.com.br\/deolhonoparaguai\/?page_id=291"},"modified":"2017-10-04T20:03:08","modified_gmt":"2017-10-04T23:03:08","slug":"de-olho-no-paraguai","status":"publish","type":"page","link":"https:\/\/deolhonosruralistas.com.br\/deolhonoparaguai\/","title":{"rendered":"De Olho no Paraguai"},"content":{"rendered":"<p><span style=\"font-weight: 400\">Quem s\u00e3o os brasileiros que controlam boa parte do territ\u00f3rio paraguaio? Em uma s\u00e9rie de 36 reportagens, De Olho nos Ruralistas conta o que fazendeiros e empresas fazem no Paraguai \u2013 e tamb\u00e9m no Brasil.<\/span><\/p>\n","protected":false},"excerpt":{"rendered":"<p>Quem s\u00e3o os brasileiros que controlam boa parte do territ\u00f3rio paraguaio? Em uma s\u00e9rie de 36 reportagens, De Olho nos Ruralistas conta o que fazendeiros e empresas fazem no Paraguai \u2013 e tamb\u00e9m no Brasil.<\/p>\n","protected":false},"author":19,"featured_media":598,"parent":0,"menu_order":0,"comment_status":"closed","ping_status":"closed","template":"","meta":{"_acf_changed":false,"footnotes":""},"class_list":["post-291","page","type-page","status-publish","has-post-thumbnail","hentry"],"acf":[],"_links":{"self":[{"href":"https:\/\/deolhonosruralistas.com.br\/deolhonoparaguai\/wp-json\/wp\/v2\/pages\/291","targetHints":{"allow":["GET"]}}],"collection":[{"href":"https:\/\/deolhonosruralistas.com.br\/deolhonoparaguai\/wp-json\/wp\/v2\/pages"}],"about":[{"href":"https:\/\/deolhonosruralistas.com.br\/deolhonoparaguai\/wp-json\/wp\/v2\/types\/page"}],"author":[{"embeddable":true,"href":"https:\/\/deolhonosruralistas.com.br\/deolhonoparaguai\/wp-json\/wp\/v2\/users\/19"}],"replies":[{"embeddable":true,"href":"https:\/\/deolhonosruralistas.com.br\/deolhonoparaguai\/wp-json\/wp\/v2\/comments?post=291"}],"version-history":[{"count":0,"href":"https:\/\/deolhonosruralistas.com.br\/deolhonoparaguai\/wp-json\/wp\/v2\/pages\/291\/revisions"}],"wp:featuredmedia":[{"embeddable":true,"href":"https:\/\/deolhonosruralistas.com.br\/deolhonoparaguai\/wp-json\/wp\/v2\/media\/598"}],"wp:attachment":[{"href":"https:\/\/deolhonosruralistas.com.br\/deolhonoparaguai\/wp-json\/wp\/v2\/media?parent=291"}],"curies":[{"name":"wp","href":"https:\/\/api.w.org\/{rel}","templated":true}]}}